- 2*x, 24 = b - 16*x + 11*x. Is j(b) a prime number?
True
Let r(y) = 7033*y**2 + 8*y - 3. Let k be r(-4). Suppose 0 = 2*u - 25*u + k. Is u a prime number?
False
Let x = 26560 - 18653. Is x a composite number?
False
Suppose -56*k = -19*k - 27932 - 292599. Is k prime?
True
Is (1 + -24 - -1812851) + 23 composite?
False
Let k be 11/(-11) + -3417 + -1. Let y = 12413 + k. Suppose 0 = 2*h - 5*d - y, -4*h - d = -6878 - 11066. Is h a composite number?
True
Is 181124 - 6 - (5 - (8 + 2)) a composite number?
False
Let q = 50 - 77. Let z be (-5 - (-16)/3)*q. Let v(t) = -7*t + 14. Is v(z) composite?
True
Let j(f) = 109*f**2 - 54*f - 67. Let n be j(29). Suppose 42*r - n - 31848 = 0. Is r a composite number?
True
Suppose -2*h - 8*h = -71780. Let w = h - 2289. Is w composite?
False
Suppose -5*z - 2*n + 81653 = 0, -18*z + 23*z - n - 81656 = 0. Is z a composite number?
True
Suppose -10517 - 7817 = -2*n. Is n composite?
True
Let s(d) be the third derivative of 439*d**4/24 + 79*d**3/3 + 129*d**2. Is s(15) a composite number?
True
Let f(u) = u**2 + 14*u + 3. Let k be f(-6). Let y = k + 47. Is (y - 34071/3)*(-4)/12 a composite number?
True
Let f(d) = d**3 + 7*d**2 + d + 25. Let k be f(-7). Let u(t) = 3*t**2 + 9*t - 47. Is u(k) a composite number?
False
Suppose -7*s = -6*s - 5. Suppose y + 862 = 2*j, 2*y = 10*j - s*j - 2155. Is j composite?
False
Let s = -179 - -183. Is -1 - (-4 + (s - 7968)) a composite number?
True
Suppose 0 = 6*d - 86 - 3286. Let c = d + 9475. Is c a prime number?
True
Suppose -5*q + 5*d = -270990, -2*q = 2*d - 16763 - 91613. Is q a prime number?
True
Suppose -n + 211211 = 5*q, n - 9258 = 5*q - 220477. Suppose -q = -60*c + 57*c. Is c composite?
False
Let c be (-8)/20 - 34*(-5394)/(-10). Let b = 2758 - c. Suppose h - b = -13*h. Is h a composite number?
True
Let x(l) = -11*l**2 + 24*l + 6. Let b be x(-11). Let a = 1402 - b. Suppose 523 = 14*k - a. Is k a composite number?
False
Let h(x) = 289*x + 63. Let t(v) = -2*v - 38. Let b be t(-21). Is h(b) a composite number?
True
Let g = 28069 + -15596. Is g composite?
False
Let f be (5/3)/(5/6). Suppose -5*p - f*i = i - 7328, 0 = 4*p + 3*i - 5863. Is p a composite number?
True
Let r(l) = l**2 + 2*l - 10. Let b be r(3). Suppose 13 = 2*u + b*p, -4*u + 0*p + 2*p = -14. Suppose -u*j = -4*z + 3080, -2*j = -3*z - 426 + 2733. Is z prime?
False
Let y = 103 - 100. Let j(d) = 33*d**y - 2*d + 61*d**3 + 16*d**3 + 3. Is j(2) composite?
True
Let j be (-1)/((3/(15/2))/334). Let k = j - -1542. Suppose -4*g + k + 921 = 0. Is g composite?
True
Let o(h) = 3*h + 29. Let t be o(-9). Let s(f) = -33*f**3 + f + t - 6 + f**2 + 3. Is s(-2) prime?
False
Let d = -560 - -213. Let h(b) = -8*b**3 + 7*b**2 + 45*b + 184. Let j be h(-5). Let m = d + j. Is m composite?
False
Suppose h = 4*b - 23260, b - 5815 = -3*h - h. Suppose 18615 = 10*n - b. Is n prime?
False
Let z(u) = 141*u**2 + 31*u - 52. Let y be z(11). Let i = y + -12203. Is i a prime number?
True
Suppose -4*k + 5*t = -0*k - 42, -t + 28 = 2*k. Suppose 0 = -2*r - k + 1. Let d(z) = -20*z - 5. Is d(r) prime?
False
Let i be 8322/8 + 3 + (-30)/24. Suppose -p - i = -3*p. Is p composite?
False
Let s(b) be the second derivative of 47*b**3/3 + 117*b**2/2 + 96*b. Is s(10) a composite number?
True
Suppose -14*k + 16277 = -78965. Is k composite?
False
Is -20 + -21 + 19 + 568809 a prime number?
True
Suppose 0 = 2*r - 32 - 480. Let w = -2830 - -3377. Let d = w - r. Is d prime?
False
Suppose -29*q - 534636 = -65*q. Is q a prime number?
True
Let u = 2378 - 4320. Let a = 4736 + u. Suppose -g = -4*d - d + 3487, 0 = 4*d - 3*g - a. Is d a composite number?
True
Let c = -2524 + 4858. Is c - (-3 - (2 - 6)) a prime number?
True
Let q = -797 + -159. Let b = 1377 - q. Is b a composite number?
False
Let d = -166687 - -287832. Is d a composite number?
True
Let u(j) = 8*j**2 - 3*j + 37. Let y be u(-19). Let d = y - 1533. Suppose -8*g - g = -d. Is g a prime number?
False
Let q(d) = 126*d**2 - 6*d - 14. Let b be q(-6). Let j = b - 3197. Is j prime?
True
Let i be (2 + -2)/(-6 - -8). Suppose -2*k + 6*k - 4 = i. Is 335/2 - k/((-10)/15) a prime number?
False
Suppose 0 = d + 24*d + 31325. Let l = 6460 + d. Is l a composite number?
True
Let v(w) = w**3 + 9*w**2 - 18*w + 25. Let r(n) = 3*n - 52. Let y be r(18). Suppose -4*p = -3*k + 56, -4*k = -5*k - y*p + 2. Is v(k) a composite number?
False
Let r(j) = 580*j**2 + 28*j - 2. Is r(-4) composite?
True
Let i(f) = 12444*f**2 - 521*f + 2604. Is i(5) a composite number?
False
Suppose 2779 = r + 4*g, -2*r - 2*g + 5513 = -3*g. Let k = 4158 - r. Let z = k - 656. Is z a composite number?
False
Let o be 432/(-81)*(-3)/(-2). Is (9/(-6) + 1)/(o/97616) prime?
True
Suppose 0 = 2*u + 428 - 4056. Let m = 3689 - u. Suppose 0*f = a - 4*f - m, -7538 = -4*a - 3*f. Is a a composite number?
True
Let c = 69047 + 262080. Is c a composite number?
False
Let z(w) = 8*w**3 - 6*w**2 - 10*w + 3. Let x be z(7). Let i = x - 792. Let f = -1008 + i. Is f a prime number?
False
Is ((-22)/(-55))/((-1)/10) + 57903 a composite number?
False
Let p be (50/(11 + -1))/(1/3). Suppose -p*s - 2939 = -5*d - 13*s, 0 = 4*s + 8. Is d composite?
False
Suppose 0 = 210*q - 200*q. Suppose -p + g + 4049 + 2695 = q, 2*p + 3*g = 13513. Is p prime?
False
Suppose -19322 = -5*v - 2*p - 102, -5*v + 5*p + 19185 = 0. Let d = v - 81. Is d prime?
True
Let g be 2 + 3 - (-15 + 257). Is g/(-6)*64 + 5 a prime number?
False
Let k = 33881 - 19179. Is k composite?
True
Let x(c) = 683*c + 46. Suppose 9*o - 5*o = -5*k + 20, -35 = -5*k - o. Let u be x(k). Suppose 3*i + 5 = -4, 5*i + u = 5*h. Is h a prime number?
False
Let p be (0 - 0)*1/(-2). Let k(m) = 2*m**3 - 2*m**2 + 3*m - 56. Let u(x) = -3*x**3 + 3*x**2 - 5*x + 111. Let s(q) = 5*k(q) + 3*u(q). Is s(p) prime?
True
Let k(n) = 380*n**2 - 201*n + 3. Is k(-8) a prime number?
True
Let v = 295 - 298. Is 246558/65 - v*(-3)/45 composite?
False
Suppose -5 + 3 = -3*j - 4*n, -2*j + 2 = 2*n. Suppose -j*h - 2*h = -3684. Is h a prime number?
False
Let p(z) = 66*z**2 - 16*z - 345. Is p(44) a prime number?
False
Suppose 155*c - 1252455 = 1081070. Is c a prime number?
False
Let o = -18110 + 43427. Suppose -4*j = -o - 12691. Is j a prime number?
False
Let k = 731 + -725. Is k/(-4) - (339626/(-28) - 5) composite?
True
Let y be (-63180)/25 - ((-12)/15)/4. Let g = y + 3992. Is g composite?
True
Suppose -265192 = -8*g - 49744. Suppose g + 36945 = 6*l. Is l a composite number?
True
Suppose -5*q + 74300 = 3*a, -5*q + 56463 = -2*a - 17862. Is q composite?
True
Suppose 29 = -15*c - 1. Let a(z) = 0*z - 55*z**3 + 4*z + 6*z**2 - 7*z**2 + 3 + 5*z**2. Is a(c) prime?
False
Suppose s - 15508 - 8919 = -6*l, 3*s = l + 73319. Is s composite?
False
Let w(x) = -2*x**2 + 30*x + 7. Let d(f) = 3*f**2 - 30*f - 13. Let u(j) = 5*d(j) + 6*w(j). Suppose -3*q = -6*q + 36. Is u(q) composite?
False
Suppose -5*m + 4600992 = -t, -2*m - 284*t + 1840359 = -279*t. Is m a composite number?
False
Let h be 71/284 + (-22)/(-8). Suppose -h*b = 35*b - 923666. Is b composite?
True
Suppose -189*t = -195*t + 1537674. Is t a composite number?
False
Let m be (4/2 - 0)*2. Suppose 2 = q + 3*q + 3*t, -3*q = m*t - 5. Is (-163 - -4)*q + -4 prime?
False
Let r(t) = 43*t - 133*t - 51 - 26. Is r(-7) composite?
True
Let t be 6/(12/6)*(-1)/(-3). Let r be 9 - (8/t)/2. Suppose -59 = -r*n + 66. Is n composite?
True
Suppose 5*i + 2042 = -28478. Let v = 40133 + i. Suppose 0 = -5*j + 2*s + 1320 + v, s = -2*j + 14136. Is j composite?
False
Let y be 13/65 + (-284)/(-5). Suppose -37478 - 418351 = -y*n. Is n a prime number?
False
Suppose 4*z = -4*s + 28, -4*s + 3*z = -53 - 10. Suppose -2943 = -s*l + 5181. Is l composite?
False
Suppose 3*a - 166448 = 2*b - 59074, 4*b + 214740 = 2*a. Let v = b - -79403. Is v prime?
False
Let x(r) = -r**3 + 21*r**2 - 20*r - 5. Let m be x(20). Let l(g) = 128*g**2 + 8*g + 3. Is l(m) a prime number?
True
Suppose -34 = -6*w + 4*w + 4*u, 0 = w + 3*u + 8. Let t(n) = 3*n - 3. Let k be t(5). Suppose w*j = k*j - 445. Is j a prime number?
True
Let r be (-8 - -4 - 4)/(-2*1). Suppose g + 3 = 2*p, 8 = -4*g + 2*p - r. Is 4/(-6)*(g - 20925/10) composite?
True
Let l = 49 - 59. Is ((-4718)/10 - -4)/(1/l) a prime number?
False
Suppose 65*k - 40*k = 94650. Suppose 5*s - k + 671 = 0. Is s a prime number?
False
Let h(x) = 229*x**2 - 5*x + 7. Suppose 3*y = 3*s 